
Let t(y) = -2*y**2 + 41*y - 171. Give t(11).
38
Let w(k) = 2*k**3 + 106*k**2 - 5*k - 286. Give w(-53).
-21
Let z(a) = 5*a**3 - 3*a**2 + 22*a - 73. Give z(3).
101
Let q(p) = -34*p + 80. What is q(-5)?
250
Let d(s) = s**3 + 19*s**2 - 43*s - 26. Determine d(-21).
-5
Let l(c) = -c**3 + 19*c**2 + 131*c - 2215. What is l(20)?
5
Let n(x) = -10*x**2 + 9*x + 113. Determine n(0).
113
Let s(h) = -h**3 + 15*h**2 - 97*h + 1160. Calculate s(14).
-2
Let y(n) = -n**3 - 13*n**2 - 19*n + 53. Calculate y(-11).
20
Let n(l) = l**2 - 22810*l + 182415. Determine n(8).
-1
Let o(q) = q**3 - 100*q - 4. Calculate o(-10).
-4
Let c(l) = -339*l + 3714. Determine c(11).
-15
Let q(m) = -3*m**2 + 35*m + 19. Give q(11).
41
Let d(y) = -1765*y - 22947. What is d(-13)?
-2
Let u(d) = 17*d + 104. Calculate u(-9).
-49
Let a(r) = -2*r**3 + 105*r**2 - 64*r + 643. Determine a(52).
19
Let t(p) = -3*p - 10. Determine t(26).
-88
Let u(y) = 1905*y + 57137. Calculate u(-30).
-13
Let n(x) = 33*x**2 + 3*x + 12. Determine n(-4).
528
Let s(h) = h**2 - 18*h - 520. What is s(0)?
-520
Let l(j) = -j**3 - 10*j**2 - 36*j - 120. Calculate l(-8).
40
Let l(z) = -1515*z - 137862. Give l(-91).
3
Let y(u) = -15*u + 121. Calculate y(3).
76
Let r(i) = -1233*i - 6161. Give r(-5).
4
Let l(r) = 2*r**3 - 6*r**2 - 27. Give l(4).
5
Let b(v) = -v**3 - v**2 - 15*v - 123. Determine b(0).
-123
Let y(a) = -46*a - 117. What is y(-2)?
-25
Let b(t) = -t**3 + 47*t**2 + 60*t - 86. Give b(48).
490
Let i(c) = c**2 + 56*c - 252. Give i(-60).
-12
Let t(f) = -22*f - 18. Calculate t(4).
-106
Let j(f) = -9*f - 238. What is j(-27)?
5
Let p(a) = -3*a**3 + 34*a**2 - 3*a - 21. What is p(11)?
67
Let n(h) = -2732*h - 13657. Calculate n(-5).
3
Let b(a) = 22*a + 2078. What is b(-95)?
-12
Let g(s) = 142*s + 999. What is g(-7)?
5
Let j(l) = -2*l**2 - 45*l + 21. What is j(-7)?
238
Let i(o) = -3*o + 217. Determine i(45).
82
Let r(o) = -2*o**3 + 36*o**2 + 30*o - 535. Determine r(18).
5
Let k(j) = -2*j**3 + 100*j**2 + 203*j + 247. What is k(52)?
-13
Let w(r) = -5*r**2 + 158*r + 46. What is w(33)?
-185
Let v(y) = 69*y + 1824. What is v(-25)?
99
Let u(i) = 337*i + 867. Determine u(-4).
-481
Let v(l) = -10*l + 1671. Give v(166).
11
Let d(o) = -56*o + 394. Determine d(9).
-110
Let t(v) = v**3 - 30*v**2 + 133*v - 1403. What is t(27)?
1
Let x(i) = -1202*i - 2486. What is x(-2)?
-82
Let t(r) = -11*r**3 + 2*r**2 - 11*r + 9. Give t(2).
-93
Let g(b) = 5*b + 119. Calculate g(4).
139
Let t(n) = 11*n**2 + 31*n. Determine t(-2).
-18
Let g(c) = -c**3 - 2*c**2 + 3*c - 66. Determine g(-6).
60
Let m(l) = -2*l**2 + 25*l - 94. Give m(7).
-17
Let u(q) = 26*q**2 + 85*q + 7. Calculate u(-4).
83
Let p(x) = 2*x**3 - 12*x**2 + 23*x + 6. Give p(5).
71
Let j(v) = v**2 - 115*v + 344. Determine j(3).
8
Let q(y) = 3*y**3 + 4*y**2 - 4*y - 18. Calculate q(-4).
-130
Let t(x) = -2*x**2 - 24*x - 40. Determine t(-10).
0
Let z(v) = 2*v**2 - 84*v - 8. What is z(42)?
-8
Let x(j) = 5*j - 425. Calculate x(75).
-50
Let h(q) = -4438*q - 26669. Calculate h(-6).
-41
Let r(h) = 136*h**2 - 62*h - 3. Give r(-2).
665
Let g(f) = f**3 - 53*f**2 + 47*f + 197. What is g(52)?
-63
Let n(f) = -3*f**3 + 477*f**2 + 481*f - 155. What is n(160)?
5
Let u(z) = -207*z - 1645. Give u(-8).
11
Let m(k) = 217*k + 1078. Calculate m(-5).
-7
Let x(i) = 7*i**2 + 32*i + 10. Determine x(-4).
-6
Let x(i) = 435*i + 1772. Determine x(-4).
32
Let c(a) = 6*a**3 - 276*a**2 + a - 38. Calculate c(46).
8
Let h(k) = 298*k**2 + 891*k - 11. What is h(-3)?
-2
Let v(p) = -6*p**2 - 234*p + 239. What is v(-40)?
-1
Let a(u) = -41*u + 296. Give a(7).
9
Let x(u) = 3*u - 187. Give x(-32).
-283
Let h(s) = -3182*s + 60426. Give h(19).
-32
Let l(n) = 2*n**3 - 6*n**2 - 29*n + 68. What is l(9)?
779
Let y(v) = v**3 + 14*v**2 - 2*v - 6. Determine y(-14).
22
Let t(m) = 34*m + 5. Determine t(1).
39
Let u(b) = -b**2 + 23*b + 139. Calculate u(13).
269
Let r(t) = t**3 - 22*t**2 + 15*t + 68. Determine r(21).
-58
Let t(c) = 2*c**2 - 67*c - 499. Calculate t(37).
-240
Let r(u) = u**2 + 17*u - 384. Give r(7).
-216
Let m(s) = s**2 - 46*s + 548. Give m(26).
28
Let x(n) = -n**3 - 15*n**2 - 78*n - 165. Determine x(-8).
11
Let q(w) = 138*w + 2120. What is q(-16)?
-88
Let b(s) = -2*s**3 - 7*s**2 - 8*s - 6. Give b(-2).
-2
Let l(v) = 49*v**2 - 536*v - 39. Determine l(11).
-6
Let l(b) = 4*b**2 + 39*b + 132. Give l(-8).
76
Let p(o) = -194*o - 1891. Determine p(-10).
49
Let i(g) = -3*g**2 - 157*g + 521. Give i(-56).
-95
Let b(x) = 110*x**2 - 4*x + 4. What is b(1)?
110
Let n(i) = i**3 - 5*i**2 - 19*i + 3. Determine n(8).
43
Let d(i) = 2*i**2 + 249*i + 963. Calculate d(-4).
-1
Let t(r) = 36*r - 4906. What is t(136)?
-10
Let p(b) = -b**2 + 32*b - 191. Determine p(14).
61
Let v(k) = -k**2 + 12*k + 411. Give v(-15).
6
Let v(z) = z**3 + 17*z**2 - 17*z - 35. Determine v(-18).
-53
Let c(g) = 218*g + 28777. What is c(-132)?
1
Let x(h) = h**3 - 17*h**2 + 25*h - 3. What is x(13)?
-354
Let k(y) = -8941*y + 62590. What is k(7)?
3
Let g(a) = a**2 - 39*a + 512. What is g(25)?
162
Let q(r) = 2*r**2 + 8*r - 136. Determine q(13).
306
Let q(i) = -278*i + 8046. Calculate q(29).
-16
Let q(j) = -j**3 + 23*j**2 + 115*j - 1578. Give q(25).
47
Let m(a) = -a**2 - 32*a + 252. Give m(-37).
67
Let k(t) = -12*t**3 + 9*t**2 + 80*t - 1. What is k(3)?
-4
Let t(v) = -v**2 + 13*v + 99. What is t(19)?
-15
Let d(l) = 939*l - 2803. Calculate d(3).
14
Let z(w) = -2*w**3 + 33*w**2 - 21*w + 8. Calculate z(16).
-72
Let l(z) = -3586*z - 25101. Calculate l(-7).
1
Let b(z) = -z**3 + 22*z**2 - 20*z - 116. Calculate b(20).
284
Let p(y) = -46*y + 73. Calculate p(-6).
349
Let t(k) = k**3 + 11*k**2 - 10*k + 200. Calculate t(-13).
-8
Let p(c) = c**3 + 8*c**2 - 93. What is p(0)?
-93
Let t(f) = 18*f - 159. Calculate t(18).
165
Let k(o) = -2*o - 410. Determine k(-21).
-368
Let m(t) = -20*t + 18. Calculate m(-7).
158
Let s(y) = y**3 - 30*y**2 - 2374*y - 134. Calculate s(66).
-2
Let m(h) = -h**2 + 18*h + 21. Give m(12).
93
Let j(p) = 4*p**2 - 12*p + 66. Determine j(11).
418
Let b(d) = -2*d**3 + 134*d**2 + 132*d + 16. Calculate b(68).
-256
Let z(d) = -d**3 - 21*d**2 - 43*d + 24. Determine z(-16).
-568
Let b(y) = -6*y - 179. Calculate b(-24).
-35
Let o(c) = c**3 + 36*c**2 + 302*c + 36. Give o(-13).
-3
Let m(p) = -700*p + 2786. What is m(4)?
-14
Let k(q) = -q**3 + 38*q**2 + 123*q - 4. What is k(41)?
-4
Let z(t) = 116*t + 820. What is z(-8)?
-108
Let q(y) = -445*y**2 - 52*y + 52. Determine q(1).
-445
Let t(c) = -c**3 - 63*c**2 + 128*c - 101. Calculate t(-65).
29
Let i(p) = -2*p**2 + 153*p - 1943. What is i(16)?
-7
Let f(z) = -295*z - 2052. What is f(-7)?
13
Let p(r) = -r**3 + 79*r**2 - 9*r + 838. Give p(79).
127
Let b(l) = -l**3 - 797*l**2 + 2409*l + 5. Determine b(3).
32
Let x(y) = 15*y + 11. Determine x(-1).
-4
Let p(h) = 2*h**2 + 138*h + 720. Give p(-63).
-36
Let v(u) = -28*u + 533. Calculate v(19).
1
Let v(j) = j**3 + 21*j**2 - 17*j + 97. Calculate v(-22).
-13
Let p(m) = 4*m**2 + 297*m + 83. Give p(-74).
9
Let j(s) = -17*s**2 - 187*s - 534. Give j(-3).
-126
Let s(b) = -6*b - 147. Give s(7).
-189
Let j(q) = 2*q**3 + 16*q**2 - 36*q + 23. Determine j(-10).
-17
Let d(x) = -61*x - 290. Give d(-4).
-46
Let t(d) = 10*d + 11. Calculate t(-3).
-19
Let b(p) = -p**3 + 44*p + 125. What is b(-4)?
13
Let o(b) = 8*b + 46. Give o(-6).
-2
Let o(u) = 15*u**2 + 326*u + 1040. Calculate o(-18).
32
Let t(z) = z**3 - 22*z**2 + 90*z + 139. What is t(16)?
43
Let a(t) = 2*t**3 + 160*t**2 + 2*t + 180. Calculate a(-80).
20
Let c(o) = 2*o**3 + 9*o**2 - 111*o + 27. Determine c(6).
117
Let r(d) = -d + 23. Give r(-11).
34
Let q(y) = -2*y**3 + 14*y**2 + 22*y - 39. What is q(8)?
9
Let r(j) = 2*j - 117. Calculate r(-26).
-169
Let i(a) = -107*a + 765. What is i(7)?
16
Let x(w) = 2*w**3 - 80*w**2 + 704*w - 62. Give x(27).
-8
Let p(d) = -6*d**2 + 150*d - 479. Determine p(21).
25
Let o(j) = -123*j**3 - j - 2. Calculate o(-1).
122
Let p(i) = i**3 + 7*i**2 - 3*i + 51. Determine p(-8).
11
Let l(i) = -9*i + 171. Calculate l(21).
-18
Let c(j) = -7*j**3 + 2*j**2 + 10*j - 8. Calculate c(0).
-8
Let c(u) = -39*u - 519. Calculate c(-6).
-285
Let d(h) = 83*h**2 + 48*h + 17. Calculate d(-1).
52
Let j(b) = -324*b**3 - 2*b**2 - 3*b - 2. Calculate j(-1).
323
Let j(y) = y**2 + 52*y + 502. What is j(-12)?
22
Let t(q) = -24*q**2 + 3. What is t(-2)?
-93
Let g(y) = -2*y 